tor of 597555?
True
Is 40 a factor of 1009185?
False
Is 134 a factor of 599967?
False
Is 21 a factor of 274890?
True
Is 3863156 a multiple of 22?
True
Is 66 a factor of 3427347?
False
Does 31 divide 360313?
True
Does 160 divide 210080?
True
Is 12 a factor of 1662636?
True
Is 5 a factor of 473312?
False
Is 8412335 a multiple of 5?
True
Is 13 a factor of 28049210?
False
Is 31 a factor of 1181?
False
Does 15 divide 1371007?
False
Does 26 divide 564841?
False
Is 16 a factor of 364064?
True
Is 483178 a multiple of 69?
False
Is 24118 a multiple of 11?
False
Is 6 a factor of 169362?
True
Is 45384 a multiple of 17?
False
Is 23 a factor of 2419757?
False
Is 4 a factor of 53940?
True
Is 942048 a multiple of 20?
False
Is 15 a factor of 738607?
False
Is 491 a factor of 793947?
True
Is 100865 a multiple of 138?
False
Is 7278799 a multiple of 149?
True
Is 51 a factor of 1344952?
False
Does 72 divide 6904198?
False
Does 28 divide 148540?
True
Does 583 divide 275759?
True
Is 17416 even?
True
Is 89342 a multiple of 11?
True
Does 308 divide 356048?
True
Is 3420261 a multiple of 23?
True
Is 12 a factor of 61891?
False
Does 3 divide 493597?
False
Is 54 a factor of 536113?
False
Does 42 divide 187681?
False
Is 22 a factor of 2513170?
True
Is 76224 a multiple of 24?
True
Does 98 divide 4536965?
False
Is 18 a factor of 450594?
True
Does 17 divide 134028?
True
Is 183910 a multiple of 53?
True
Is 21030204 a multiple of 12?
True
Is 50120 a multiple of 12?
False
Is 300390 a multiple of 323?
True
Is 155866 a multiple of 32?
False
Is 711 a factor of 2293686?
True
Does 368 divide 7143248?
True
Does 383 divide 172365?
False
Does 47 divide 1894877?
False
Does 992 divide 570400?
True
Is 1430042 a multiple of 2?
True
Does 316 divide 144412?
True
Does 82 divide 136641?
False
Is 5019983 a multiple of 647?
False
Is 35 a factor of 329475?
False
Is 7 a factor of 36517?
False
Is 462 a factor of 1045506?
True
Is 203 a factor of 26376?
False
Does 33 divide 273240?
True
Is 2884713 a multiple of 13?
True
Is 17 a factor of 2481592?
True
Is 876731 a multiple of 11?
False
Does 53 divide 14976210?
True
Is 62 a factor of 757900?
False
Is 63747 a multiple of 90?
False
Does 45 divide 438390?
True
Is 17 a factor of 20315?
True
Is 1459535 a multiple of 7?
True
Is 3 a factor of 953?
False
Is 1168980 a multiple of 245?
False
Is 14 a factor of 78026?
False
Is 13 a factor of 60580?
True
Is 36 a factor of 530316?
True
Is 359432 a multiple of 8?
True
Does 211 divide 899013?
False
Is 212880 a multiple of 80?
True
Is 608608 a multiple of 133?
True
Is 12 a factor of 2045529?
False
Is 93 a factor of 6337060?
False
Does 2 divide 258653?
False
Is 200814 a multiple of 38?
False
Is 133 a factor of 876268?
False
Does 518 divide 328296?
False
Is 35 a factor of 230195?
True
Is 17 a factor of 88536?
True
Is 16795 a multiple of 5?
True
Is 106 a factor of 127200?
True
Does 263 divide 124136?
True
Does 100 divide 827980?
False
Is 394556 a multiple of 121?
False
Is 22 a factor of 248484?
False
Is 743769 a multiple of 936?
False
Is 23030 a multiple of 6?
False
Is 105 a factor of 653625?
True
Is 23 a factor of 1539208?
False
Is 21 a factor of 9304029?
True
Does 22 divide 350152?
True
Does 33 divide 6907?
False
Is 13049314 a multiple of 337?
True
Is 2665532 a multiple of 62?
False
Is 42 a factor of 4038552?
True
Does 4 divide 1610?
False
Is 173 a factor of 186148?
True
Does 7 divide 112997?
False
Is 5036586 a multiple of 69?
True
Is 546058 a multiple of 213?
False
Is 20770 a multiple of 136?
False
Is 555 a factor of 11059526?
False
Does 534 divide 533466?
True
Is 73900 a multiple of 180?
False
Does 13 divide 91052?
True
Is 444476 a multiple of 82?
False
Is 11183984 a multiple of 14?
True
Does 909 divide 360191?
False
Is 127 a factor of 226171?
False
Does 232 divide 196101?
False
Is 65 a factor of 1833345?
False
Does 13 divide 4107545?
True
Does 9 divide 806328?
True
Is 4273920 a multiple of 40?
True
Is 21 a factor of 101934?
True
Is 196680 a multiple of 55?
True
Is 78 a factor of 9387566?
False
Is 10147808 a multiple of 32?
True
Is 21 a factor of 76690?
False
Is 16 a factor of 431837?
False
Is 174 a factor of 712704?
True
Does 1288 divide 14444637?
False
Is 8568846 a multiple of 66?
True
Is 23539785 a multiple of 16?
False
Is 83172 a multiple of 12?
True
Is 1048461 a multiple of 1045?
False
Does 15 divide 7703815?
False
Does 33 divide 12514654?
False
Is 28 a factor of 413899?
False
Is 109408 a multiple of 52?
True
Is 130 a factor of 49634?
False
Is 28 a factor of 77504?
True
Is 20145 a multiple of 17?
True
Is 9 a factor of 204891?
False
Is 4064 even?
True
Is 807 a factor of 325439?
False
Does 13 divide 5047547?
False
Is 347249 a multiple of 113?
True
Is 3315545 a multiple of 18?
False
Does 881 divide 2752337?
False
Does 99 divide 2922777?
True
Is 243 a factor of 925344?
True
Does 431 divide 276102?
False
Is 28 a factor of 650580?
True
Is 12 a factor of 806627?
False
Does 22 divide 20306?
True
Is 120645 a multiple of 63?
True
Is 304115 even?
False
Does 34 divide 80328?
False
Is 12 a factor of 331851?
False
Is 8 a factor of 4401542?
False
Does 3 divide 230990?
False
Is 465077 a multiple of 158?
False
Is 392976 a multiple of 229?
False
Is 3671957 a multiple of 127?
False
Is 1364252 a multiple of 110?
False
Is 139298 a multiple of 25?
False
Is 13315737 a multiple of 30?
False
Is 2 a factor of 608373?
False
Is 16 a factor of 736343?
False
Is 400810 a multiple of 149?
True
Is 10 a factor of 1252450?
True
Is 171 a factor of 363270?
False
Does 11 divide 9492110?
False
Is 303 a factor of 603576?
True
Does 9 divide 15102?
True
Does 10 divide 13460?
True
Is 22952 a multiple of 38?
True
Is 542961 a multiple of 320?
False
Is 747 a factor of 3350001?
False
Is 387 a factor of 1548?
True
Does 12 divide 124673?
False
Is 144 a factor of 306777?
False
Does 85 divide 9166172?
False
Is 15058291 a multiple of 2171?
False
Does 186 divide 14881488?
True
Is 14 a factor of 370148?
False
Does 14 divide 3637382?
True
Is 83482 a multiple of 178?
True
Is 19 a factor of 1043765?
True
Is 24 a factor of 77760?
True
Does 22 divide 1189100?
True
Does 536 divide 2188488?
True
Is 11856 even?
True
Is 24 a factor of 16896?
True
Is 101 a factor of 867213?
False
Is 3084950 a multiple of 71?
True
Is 97 a factor of 441740?
False
Is 489 a factor of 7506639?
True
Is 304119 a multiple of 42?
False
Does 12 divide 2016492?
True
Is 284 a factor of 1724448?
True
Is 1094700 a multiple of 30?
True
Is 688 a factor of 867712?
False
Is 212914 a multiple of 19?
True
Does 557 divide 209432?
True
Is 286650 a multiple of 25?
True
Does 291 divide 1995096?
True
Does 8 divide 27728?
True
Is 262271 a multiple of 5?
False
Is 285 a factor of 605625?
True
Is 451690 a multiple of 2?
True
Is 66 a factor of 762234?
True
Does 44 divide 4254207?
False
Does 12 divide 3410652?
True
Is 903700 a multiple of 8?
False
Is 7 a factor of 116758?
False
Does 25 divide 291900?
True
Is 287853 a multiple of 266?
False
Does 80 divide 259200?
True
Does 3 divide 2029835?
False
Is 16 a factor of 192334?
False
Does 7 divide 12976019?
True
Is 1131084 a multiple of 6?
True
Does 613 divide 11205706?
False
Is 17 a factor of 2886464?
True
Is 645 a factor of 1128310?
False
Is 26 a factor of 280887?
False
Does 882 divide 24171210?
True
Is 2182527 a multiple of 48?
False
Does 14 divide 75152?
True
Does 107 divide 30617087?
True
Is 291925 a multiple of 86?
False
Is 43 a factor of 1283350?
False
Is 1017807 a multiple of 21?
True
Is 466070 a multiple of 11?
True
Is 33 a factor of 2036?
False
Is 1413022 a multiple of 6?
False
Is 78 a factor of 281296?
False
Is 668 a multiple of 28?
False
Is 878700 a multiple of 174?
True
Is 499 a factor of 43038?
False
Is 53584 a multiple of 68?
True
Is 145 a factor of 38523?
False
Is 380976 a multiple of 9?
False
Is 2564 a factor of 1864861?
False
Is 255 a factor of 883264?
False
Is 873964 a multiple of 4?
True
Is 208148 a multiple of 330?
False
Does 7 divide 186459?
True
Does 11 divide 31031?
True
Is 13 a factor of 167752?
True
Is 5 a factor of 406124?
False
Is 1683836 a multiple of 71?
True
Is 133 a factor of 6412639?
False
Is 316 a factor of 324659?
False
Does 1439 divide 8595147?
True
Is 4905336 a multiple of 626?
True
Does 31 divide 4134041?
False
Is 270017 a multiple of 47?
